{"id":56,"date":"2014-03-20T15:24:14","date_gmt":"2014-03-20T14:24:14","guid":{"rendered":"http:\/\/www.servidasenred.net\/net\/?page_id=56"},"modified":"2014-03-28T09:27:47","modified_gmt":"2014-03-28T08:27:47","slug":"inicio","status":"publish","type":"page","link":"https:\/\/www.servidasenred.net\/net\/","title":{"rendered":"inicio"},"content":{"rendered":"<h1 style=\"text-align: center;\"><span style=\"font-family: Borealis; font-size: 22px; color: #660099;\">POR UNA ECONOMIA HECHA MANO A MANO<\/span><\/h1>\n<p><strong>Ser-Vidas en Red es un proyecto para el intercambio de productos, servicios, saberes y recursos que pretende estimular el autoempleo sostenible, desarrollar una econom\u00eda basada en el respeto a la tierra y promover la cooperaci\u00f3n, solidaridad y apoyo mutuo.<\/strong><\/p>\n<p><strong>Autoempleo Sostenible<\/strong> es ganarse la vida haciendo lo que nos gusta, desarrollando la creatividad y sirviendo a la comunidad. En la Alpujarra las mujeres est\u00e1n intentando <strong>ganarse la vida mediante iniciativas de todo tipo: agricultura, artesan\u00eda, conservas, terapias, talleres, etc.<\/strong><br \/>\nLa Alpujarra es una comarca muy extensa. Para favorecer estas iniciativas es fundamental saber qu\u00e9 productos y servicios existen en cada zona y darlos a conocer.<\/p>\n<p>Este &#8216;Sitio&#8217; es un instrumento de interconexi\u00f3n, el escaparate en el que las mujeres podemos ofertar lo que\u00a0 tenemos, hacemos y sabemos. Cualquier persona puede conseguir los productos, servicios y conocimientos que se ofrecen contactando directamente con quienes los ofertan.<\/p>\n<p>La Web es un paso m\u00e1s, el proyecto no para de crecer, entre sus posibilidades de futuro est\u00e1 el crear una estructura organizativa flexible y a la vez s\u00f3lida, que posibilite tanto la venta como el trueque, basada en los principios de econom\u00eda solidaria y que suponga un avance en la organizaci\u00f3n colectiva de la comunidad.<\/p>\n","protected":false},"excerpt":{"rendered":"<p>POR UNA ECONOMIA HECHA MANO A MANO Ser-Vidas en Red es un proyecto para el intercambio de productos, servicios, saberes y recursos que pretende estimular el autoempleo sostenible, desarrollar una econom\u00eda basada en el respeto a la tierra y promover&#8230;<\/p>\n","protected":false},"author":2,"featured_media":0,"parent":0,"menu_order":0,"comment_status":"closed","ping_status":"closed","template":"templates\/homepage.php","meta":{"footnotes":""},"_links":{"self":[{"href":"https:\/\/www.servidasenred.net\/net\/wp-json\/wp\/v2\/pages\/56"}],"collection":[{"href":"https:\/\/www.servidasenred.net\/net\/wp-json\/wp\/v2\/pages"}],"about":[{"href":"https:\/\/www.servidasenred.net\/net\/wp-json\/wp\/v2\/types\/page"}],"author":[{"embeddable":true,"href":"https:\/\/www.servidasenred.net\/net\/wp-json\/wp\/v2\/users\/2"}],"replies":[{"embeddable":true,"href":"https:\/\/www.servidasenred.net\/net\/wp-json\/wp\/v2\/comments?post=56"}],"version-history":[{"count":0,"href":"https:\/\/www.servidasenred.net\/net\/wp-json\/wp\/v2\/pages\/56\/revisions"}],"wp:attachment":[{"href":"https:\/\/www.servidasenred.net\/net\/wp-json\/wp\/v2\/media?parent=56"}],"curies":[{"name":"wp","href":"https:\/\/api.w.org\/{rel}","templated":true}]}}