{"id":80,"date":"2014-03-20T15:58:55","date_gmt":"2014-03-20T14:58:55","guid":{"rendered":"http:\/\/www.servidasenred.net\/net\/?page_id=80"},"modified":"2014-03-28T09:28:04","modified_gmt":"2014-03-28T08:28:04","slug":"que-nos-mueve","status":"publish","type":"page","link":"https:\/\/www.servidasenred.net\/net\/que-nos-mueve\/","title":{"rendered":"qu\u00e9 nos mueve"},"content":{"rendered":"<p><strong>Ser-Vidas en Red<\/strong> es una iniciativa que se est\u00e1 recreando continuamente mediante la indagaci\u00f3n <a href=\"http:\/\/www.servidasenred.net\/net\/wp-content\/uploads\/2014\/03\/danzas-circulares.png\"><img loading=\"lazy\" decoding=\"async\" class=\" wp-image-394 alignright\" alt=\"danzas circulares\" src=\"http:\/\/www.servidasenred.net\/net\/wp-content\/uploads\/2014\/03\/danzas-circulares.png\" width=\"178\" height=\"184\" \/><\/a>y cuestionamiento de la realidad en que vivimos. Partimos de la convicci\u00f3n de que el mundo que queremos lo podemos tener ya al alcance de la mano, s\u00f3lo hemos de empezar a construirlo y disfrutarlo con buena gente y poni\u00e9ndole coraz\u00f3n.<\/p>\n<p>Esta plataforma en la que podemos ofrecer lo que sabemos hacer, usando nuestra imaginaci\u00f3n y creatividad, y conocer lo que otras personas nos ofrecen, se fundamenta en algunos pilares, ideas y movimientos colectivos que nos nutren.<\/p>\n<pre><a href=\"http:\/\/www.autoempleosostenible.com\/autoempleo-sostenible\/\"><strong>Autoempleo sostenible<\/strong><\/a>\r\nNo es un descubrimiento moderno, nuestros antepasados lo han practicado en diversas \u00e9pocas, culturas y territorios; muchas personas lo han puesto ya en marcha en el deseo de alcanzar una vida digna, cuesti\u00f3n que tiene mucho que ver con el interior de un@ mism@ y tambi\u00e9n con su relaci\u00f3n con los dem\u00e1s: estamos hablando de desarrollo humano sostenible.<\/pre>\n<p>&nbsp;<\/p>\n<p><strong>Los pilares en los que nos basamos est\u00e1n desarrollados en estas p\u00e1ginas:<\/strong><\/p>\n<p><a href=\"http:\/\/www.servidasenred.net\/net\/que-nos-mueve\/buen-vivir\/\">buen vivir<\/a>\u00a0 \u00b7\u00a0 <a href=\"http:\/\/www.servidasenred.net\/net\/que-nos-mueve\/consumo-local\/\">consumo local<\/a> \u00b7 <a href=\"http:\/\/www.servidasenred.net\/net\/que-nos-mueve\/ecofeminismo\/\">ecofeminismo<\/a> \u00b7 <a href=\"http:\/\/www.servidasenred.net\/net\/que-nos-mueve\/economia-solidaria\/\">econom\u00eda solidaria<\/a> \u00b7 <a href=\"http:\/\/www.servidasenred.net\/net\/que-nos-mueve\/soberania-alimentaria\/\">soberan\u00eda alimentaria<\/a> <img loading=\"lazy\" decoding=\"async\" class=\"size-full wp-image-289 alignnone\" alt=\"\" src=\"http:\/\/www.servidasenred.net\/net\/wp-content\/uploads\/2014\/03\/5pilares.png\" width=\"500\" height=\"420\" srcset=\"https:\/\/www.servidasenred.net\/net\/wp-content\/uploads\/2014\/03\/5pilares.png 500w, https:\/\/www.servidasenred.net\/net\/wp-content\/uploads\/2014\/03\/5pilares-400x336.png 400w\" sizes=\"(max-width: 500px) 100vw, 500px\" \/><\/p>\n<p>&nbsp;<\/p>\n","protected":false},"excerpt":{"rendered":"<p>Ser-Vidas en Red es una iniciativa que se est\u00e1 recreando continuamente mediante la indagaci\u00f3n y cuestionamiento de la realidad en que vivimos. Partimos de la convicci\u00f3n de que el mundo que queremos lo podemos tener ya al alcance de la&#8230;<\/p>\n","protected":false},"author":2,"featured_media":0,"parent":0,"menu_order":30,"comment_status":"closed","ping_status":"closed","template":"","meta":{"footnotes":""},"_links":{"self":[{"href":"https:\/\/www.servidasenred.net\/net\/wp-json\/wp\/v2\/pages\/80"}],"collection":[{"href":"https:\/\/www.servidasenred.net\/net\/wp-json\/wp\/v2\/pages"}],"about":[{"href":"https:\/\/www.servidasenred.net\/net\/wp-json\/wp\/v2\/types\/page"}],"author":[{"embeddable":true,"href":"https:\/\/www.servidasenred.net\/net\/wp-json\/wp\/v2\/users\/2"}],"replies":[{"embeddable":true,"href":"https:\/\/www.servidasenred.net\/net\/wp-json\/wp\/v2\/comments?post=80"}],"version-history":[{"count":0,"href":"https:\/\/www.servidasenred.net\/net\/wp-json\/wp\/v2\/pages\/80\/revisions"}],"wp:attachment":[{"href":"https:\/\/www.servidasenred.net\/net\/wp-json\/wp\/v2\/media?parent=80"}],"curies":[{"name":"wp","href":"https:\/\/api.w.org\/{rel}","templated":true}]}}

qué nos mueve

<p><strong>Ser-Vidas en Red</strong> es una iniciativa que se está recreando continuamente mediante la indagación <a href="http://www.servidasenred.net/net/wp-content/uploads/2014/03/danzas-circulares.png"><img loading="lazy" decoding="async" class=" wp-image-394 alignright" alt="danzas circulares" src="http://www.servidasenred.net/net/wp-content/uploads/2014/03/danzas-circulares.png" width="178" height="184" /></a>y cuestionamiento de la realidad en que vivimos. Partimos de la convicción de que el mundo que queremos lo podemos tener ya al alcance de la mano, sólo hemos de empezar a construirlo y disfrutarlo con buena gente y poniéndole corazón.</p>
<p>Esta plataforma en la que podemos ofrecer lo que sabemos hacer, usando nuestra imaginación y creatividad, y conocer lo que otras personas nos ofrecen, se fundamenta en algunos pilares, ideas y movimientos colectivos que nos nutren.</p>
<pre><a href="http://www.autoempleosostenible.com/autoempleo-sostenible/"><strong>Autoempleo sostenible</strong></a>
No es un descubrimiento moderno, nuestros antepasados lo han practicado en diversas épocas, culturas y territorios; muchas personas lo han puesto ya en marcha en el deseo de alcanzar una vida digna, cuestión que tiene mucho que ver con el interior de un@ mism@ y también con su relación con los demás: estamos hablando de desarrollo humano sostenible.</pre>
<p>&nbsp;</p>
<p><strong>Los pilares en los que nos basamos están desarrollados en estas páginas:</strong></p>
<p><a href="http://www.servidasenred.net/net/que-nos-mueve/buen-vivir/">buen vivir</a>  ·  <a href="http://www.servidasenred.net/net/que-nos-mueve/consumo-local/">consumo local</a> · <a href="http://www.servidasenred.net/net/que-nos-mueve/ecofeminismo/">ecofeminismo</a> · <a href="http://www.servidasenred.net/net/que-nos-mueve/economia-solidaria/">economía solidaria</a> · <a href="http://www.servidasenred.net/net/que-nos-mueve/soberania-alimentaria/">soberanía alimentaria</a> <img loading="lazy" decoding="async" class="size-full wp-image-289 alignnone" alt="" src="http://www.servidasenred.net/net/wp-content/uploads/2014/03/5pilares.png" width="500" height="420" srcset="https://www.servidasenred.net/net/wp-content/uploads/2014/03/5pilares.png 500w, https://www.servidasenred.net/net/wp-content/uploads/2014/03/5pilares-400x336.png 400w" sizes="(max-width: 500px) 100vw, 500px" /></p>
<p>&nbsp;</p>

<p>Ser-Vidas en Red es una iniciativa que se está recreando continuamente mediante la indagación y cuestionamiento de la realidad en que vivimos. Partimos de la convicción de que el mundo que queremos lo podemos tener ya al alcance de la&#8230;</p>
