{"id":86,"date":"2014-03-20T16:06:06","date_gmt":"2014-03-20T15:06:06","guid":{"rendered":"http:\/\/www.servidasenred.net\/net\/?page_id=86"},"modified":"2014-03-29T13:05:45","modified_gmt":"2014-03-29T12:05:45","slug":"ecofeminismo","status":"publish","type":"page","link":"https:\/\/www.servidasenred.net\/net\/que-nos-mueve\/ecofeminismo\/","title":{"rendered":"ecofeminismo"},"content":{"rendered":"<h2>\u00bfY qu\u00e9 tienen que ver mis tomates con el feminismo?<\/h2>\n<p><a title=\"Art\u00edculo de Soledad Trujillo\" href=\"http:\/\/www.feminicidio.net\/iy-que-tienen-que-ver-mis-tomates-con-el-feminismo\" target=\"_blank\">Leer el art\u00edculo<\/a> de <strong>Soledad Trujillo Barbadillo<\/strong><\/p>\n<p><img loading=\"lazy\" decoding=\"async\" class=\"wp-image-1250 alignleft\" alt=\"\" src=\"http:\/\/www.servidasenred.net\/net\/wp-content\/uploads\/2014\/03\/tomates-400x259.jpg\" width=\"215\" height=\"136\" \/><\/p>\n<p>Es fundamental que logremos dar una perspectiva de g\u00e9nero a nuestros proyectos. El modelo actual no es sostenible ni cumple con las necesidades que tenemos. Para pensar y construir un nuevo paradigma necesitamos basarnos en principios de solidaridad, de sororidad, de autonom\u00eda y de independencia.<\/p>\n<p>&nbsp;<\/p>\n<h3><div class=\"su-note\"  style=\"border-color:#d4c3e5;border-radius:4px;-moz-border-radius:4px;-webkit-border-radius:4px;\"><div class=\"su-note-inner su-u-clearfix su-u-trim\" style=\"background-color:#eeddff;border-color:#ffffff;color:#000000;border-radius:4px;-moz-border-radius:4px;-webkit-border-radius:4px;\">En el marco del proyecto \u00abSer-Vidas en Red\u00bb est\u00e1 impl\u00edcita la visi\u00f3n ecofeminista, que aboga por una transformaci\u00f3n de los modelos de relaci\u00f3n y de producci\u00f3n.<\/div><\/div><\/h3>\n<p><strong>La intenci\u00f3n es que podamos:<\/strong><\/p>\n<p style=\"padding-left: 30px;\">1. Ahondar en los conceptos de ecofeminismo(s).<br \/>\n2. Identificar qu\u00e9 tenemos en este momento y qu\u00e9 nos hace falta para alcanzar un cambio en los modelos patriarcales de producci\u00f3n actual.<br \/>\n3. Identificar proyectos actuales basados en estos principios y crear v\u00ednculos.<br \/>\n4. Reforzar la auto-confianza de las mujeres.<\/p>\n<p>&nbsp;<\/p>\n<h2>MUJERES REFERENTES DEL ECOFEMINISMO<\/h2>\n<p><img loading=\"lazy\" decoding=\"async\" class=\"wp-image-1258 alignright\" alt=\"\" src=\"http:\/\/www.servidasenred.net\/net\/wp-content\/uploads\/2014\/03\/Vandana-Shiva-010-400x240.jpg\" width=\"318\" height=\"190\" srcset=\"https:\/\/www.servidasenred.net\/net\/wp-content\/uploads\/2014\/03\/Vandana-Shiva-010-400x240.jpg 400w, https:\/\/www.servidasenred.net\/net\/wp-content\/uploads\/2014\/03\/Vandana-Shiva-010.jpg 460w\" sizes=\"(max-width: 318px) 100vw, 318px\" \/><strong>Vandana Shiva<\/strong> naci\u00f3 en India, a los pies del Himalaya. Ecologista, feminista, fil\u00f3sofa, doctora en f\u00edsica cu\u00e1ntica, ha fundado varias entidades para la defensa de la biodiversidad.<\/p>\n<p>Shiva particip\u00f3 en el movimiento pac\u00edfico Chipko de los a\u00f1os 70. Este movimiento, encabezado principalmente por mujeres, adoptaba la t\u00e1ctica de abrazar a los \u00e1rboles para evitar que los talaran. Es una de las l\u00edderes del movimiento contra la globalizaci\u00f3n. Defiende la sabidur\u00eda de las pr\u00e1cticas tradicionales, como queda en evidencia en su libro <em>Ecolog\u00eda V\u00e9dica.<\/em> Contin\u00faa\u00a0con la campa\u00f1a internacional contra los alimentos gen\u00e9ticamente modificados.<\/p>\n<p>\u201cCuando Crist\u00f3bal Col\u00f3n parti\u00f3 para el \u201cnuevo mundo\u201d lo hizo con unas \u201ccartas patentes\u201d que daban el poder a quien las tuviera a tomar posesi\u00f3n de cualquier tierra que encontraran en el mundo que no estuviera gobernada por pr\u00edncipes blancos cristianos. Las patentes son una vuelta a la colonizaci\u00f3n de hace 500 a\u00f1os. Los pueblos del Tercer Mundo han sobrevivido a pesar de haber sido despojados de sus riquezas, por tener biodiversidad. Sus \u00faltimos recursos son las semillas, las plantas medicinales, los forrajes, que satisfacen sus necesidades de salud y nutrici\u00f3n. Ahora tambi\u00e9n se quiere despojar a los pobres, que ya fueron despojados por la colonizaci\u00f3n, de este \u00faltimo recurso vital a trav\u00e9s del uso de patentes\u201d.\u00a0 (Vandana Shiva)<\/p>\n<p>&nbsp;<\/p>\n<p><strong>Wangari Maathai<\/strong>, Premio Nobel de la Paz 2004<\/p>\n<div id=\"su_carousel_69f28eaf48985\" class=\"su-carousel su-carousel-centered su-carousel-pages-no su-carousel-responsive-no\" style=\"width:450px;height:318px\" data-autoplay=\"0\" data-speed=\"1000\" data-mousewheel=\"false\" data-items=\"1\" data-scroll=\"1\"><div class=\"su-carousel-slides\"><div class=\"su-carousel-slide\"><a href=\"https:\/\/www.servidasenred.net\/net\/wp-content\/uploads\/2014\/03\/ecofem1.jpg\" title=\"ecofem1\"><img decoding=\"async\" src=\"https:\/\/www.servidasenred.net\/net\/wp-content\/uploads\/2014\/03\/ecofem1-432x318.jpg\" alt=\"ecofem1\" \/><\/a><\/div><div class=\"su-carousel-slide\"><a href=\"https:\/\/www.servidasenred.net\/net\/wp-content\/uploads\/2014\/03\/ecofem2.jpg\" title=\"ecofem2\"><img decoding=\"async\" src=\"https:\/\/www.servidasenred.net\/net\/wp-content\/uploads\/2014\/03\/ecofem2-432x318.jpg\" alt=\"ecofem2\" \/><\/a><\/div><div class=\"su-carousel-slide\"><a href=\"https:\/\/www.servidasenred.net\/net\/wp-content\/uploads\/2014\/03\/ecofem3.jpg\" title=\"ecofem3\"><img decoding=\"async\" src=\"https:\/\/www.servidasenred.net\/net\/wp-content\/uploads\/2014\/03\/ecofem3-432x318.jpg\" alt=\"ecofem3\" \/><\/a><\/div><div class=\"su-carousel-slide\"><a href=\"https:\/\/www.servidasenred.net\/net\/wp-content\/uploads\/2014\/03\/ecofem4.jpg\" title=\"ecofem4\"><img decoding=\"async\" src=\"https:\/\/www.servidasenred.net\/net\/wp-content\/uploads\/2014\/03\/ecofem4-432x318.jpg\" alt=\"ecofem4\" \/><\/a><\/div><div class=\"su-carousel-slide\"><a href=\"https:\/\/www.servidasenred.net\/net\/wp-content\/uploads\/2014\/03\/ecofem5.jpg\" title=\"ecofem5\"><img decoding=\"async\" src=\"https:\/\/www.servidasenred.net\/net\/wp-content\/uploads\/2014\/03\/ecofem5-432x318.jpg\" alt=\"ecofem5\" \/><\/a><\/div><\/div><div class=\"su-carousel-nav\"><div class=\"su-carousel-direction\"><span class=\"su-carousel-prev\"><\/span><span class=\"su-carousel-next\"><\/span><\/div><div class=\"su-carousel-pagination\"><\/div><\/div><\/div>\n<p>&nbsp;<\/p>\n<p><a href=\"http:\/\/www.servidasenred.net\/net\/wp-content\/uploads\/2014\/03\/ecofeminismo-Alicia-Puleo1.jpg\"><img loading=\"lazy\" decoding=\"async\" class=\" wp-image-1574 alignright\" alt=\"\" src=\"http:\/\/www.servidasenred.net\/net\/wp-content\/uploads\/2014\/03\/ecofeminismo-Alicia-Puleo-portada-289x400.jpg\" width=\"231\" height=\"320\" srcset=\"https:\/\/www.servidasenred.net\/net\/wp-content\/uploads\/2014\/03\/ecofeminismo-Alicia-Puleo-portada-289x400.jpg 289w, https:\/\/www.servidasenred.net\/net\/wp-content\/uploads\/2014\/03\/ecofeminismo-Alicia-Puleo-portada-741x1024.jpg 741w, https:\/\/www.servidasenred.net\/net\/wp-content\/uploads\/2014\/03\/ecofeminismo-Alicia-Puleo-portada.jpg 855w\" sizes=\"(max-width: 231px) 100vw, 231px\" \/><\/a><strong>Alicia Puleo<\/strong><\/p>\n<p>Alicia Puleo (Buenos Aires, 1952), es una fil\u00f3sofa feminista radicada en Espa\u00f1a que ha dirigido la C\u00e1tedra de Estudios de G\u00e9nero de la Universidad de Valladolid durante m\u00e1s de diez a\u00f1os.<br \/>\nSu propuesta de lo que ha denominado un ecofeminismo cr\u00edtico o ilustrado puede considerarse una nueva forma de \u00e9tica ambiental en clave de g\u00e9nero. No considera que las mujeres se encuentren en una especie de simbiosis con la Naturaleza, sino que parte de la convicci\u00f3n de que vivimos una \u00e9poca de crecimiento insostenible que hace inevitable la vinculaci\u00f3n entre feminismo y ecolog\u00eda. Sostiene que el enriquecimiento mutuo de ambas perspectivas permitir\u00eda construir una cultura de igualdad y sostenibilidad.<\/p>\n<p>Si quieres conocer m\u00e1s de sus trabajos <a title=\"Blog de Alicia Puleo\" href=\"http:\/\/aliciapuleo.blogspot.com.es\/\">entra en su blog<\/a><\/p>\n","protected":false},"excerpt":{"rendered":"<p>\u00bfY qu\u00e9 tienen que ver mis tomates con el feminismo? Leer el art\u00edculo de Soledad Trujillo Barbadillo Es fundamental que logremos dar una perspectiva de g\u00e9nero a nuestros proyectos. El modelo actual no es sostenible ni cumple con las necesidades&#8230;<\/p>\n","protected":false},"author":2,"featured_media":0,"parent":80,"menu_order":23,"comment_status":"closed","ping_status":"closed","template":"","meta":{"footnotes":""},"_links":{"self":[{"href":"https:\/\/www.servidasenred.net\/net\/wp-json\/wp\/v2\/pages\/86"}],"collection":[{"href":"https:\/\/www.servidasenred.net\/net\/wp-json\/wp\/v2\/pages"}],"about":[{"href":"https:\/\/www.servidasenred.net\/net\/wp-json\/wp\/v2\/types\/page"}],"author":[{"embeddable":true,"href":"https:\/\/www.servidasenred.net\/net\/wp-json\/wp\/v2\/users\/2"}],"replies":[{"embeddable":true,"href":"https:\/\/www.servidasenred.net\/net\/wp-json\/wp\/v2\/comments?post=86"}],"version-history":[{"count":0,"href":"https:\/\/www.servidasenred.net\/net\/wp-json\/wp\/v2\/pages\/86\/revisions"}],"up":[{"embeddable":true,"href":"https:\/\/www.servidasenred.net\/net\/wp-json\/wp\/v2\/pages\/80"}],"wp:attachment":[{"href":"https:\/\/www.servidasenred.net\/net\/wp-json\/wp\/v2\/media?parent=86"}],"curies":[{"name":"wp","href":"https:\/\/api.w.org\/{rel}","templated":true}]}}

<h2>¿Y qué tienen que ver mis tomates con el feminismo?</h2>
<p><a title="Artículo de Soledad Trujillo" href="http://www.feminicidio.net/iy-que-tienen-que-ver-mis-tomates-con-el-feminismo" target="_blank">Leer el artículo</a> de <strong>Soledad Trujillo Barbadillo</strong></p>
<p><img loading="lazy" decoding="async" class="wp-image-1250 alignleft" alt="" src="http://www.servidasenred.net/net/wp-content/uploads/2014/03/tomates-400x259.jpg" width="215" height="136" /></p>
<p>Es fundamental que logremos dar una perspectiva de género a nuestros proyectos. El modelo actual no es sostenible ni cumple con las necesidades que tenemos. Para pensar y construir un nuevo paradigma necesitamos basarnos en principios de solidaridad, de sororidad, de autonomía y de independencia.</p>
<p>&nbsp;</p>
<h3><div class="su-note"  style="border-color:#d4c3e5;border-radius:4px;-moz-border-radius:4px;-webkit-border-radius:4px;"><div class="su-note-inner su-u-clearfix su-u-trim" style="background-color:#eeddff;border-color:#ffffff;color:#000000;border-radius:4px;-moz-border-radius:4px;-webkit-border-radius:4px;">En el marco del proyecto «Ser-Vidas en Red» está implícita la visión ecofeminista, que aboga por una transformación de los modelos de relación y de producción.</div></div></h3>
<p><strong>La intención es que podamos:</strong></p>
<p style="padding-left: 30px;">1. Ahondar en los conceptos de ecofeminismo(s).<br />
2. Identificar qué tenemos en este momento y qué nos hace falta para alcanzar un cambio en los modelos patriarcales de producción actual.<br />
3. Identificar proyectos actuales basados en estos principios y crear vínculos.<br />
4. Reforzar la auto-confianza de las mujeres.</p>
<p>&nbsp;</p>
<h2>MUJERES REFERENTES DEL ECOFEMINISMO</h2>
<p><img loading="lazy" decoding="async" class="wp-image-1258 alignright" alt="" src="http://www.servidasenred.net/net/wp-content/uploads/2014/03/Vandana-Shiva-010-400x240.jpg" width="318" height="190" srcset="https://www.servidasenred.net/net/wp-content/uploads/2014/03/Vandana-Shiva-010-400x240.jpg 400w, https://www.servidasenred.net/net/wp-content/uploads/2014/03/Vandana-Shiva-010.jpg 460w" sizes="(max-width: 318px) 100vw, 318px" /><strong>Vandana Shiva</strong> nació en India, a los pies del Himalaya. Ecologista, feminista, filósofa, doctora en física cuántica, ha fundado varias entidades para la defensa de la biodiversidad.</p>
<p>Shiva participó en el movimiento pacífico Chipko de los años 70. Este movimiento, encabezado principalmente por mujeres, adoptaba la táctica de abrazar a los árboles para evitar que los talaran. Es una de las líderes del movimiento contra la globalización. Defiende la sabiduría de las prácticas tradicionales, como queda en evidencia en su libro <em>Ecología Védica.</em> Continúa con la campaña internacional contra los alimentos genéticamente modificados.</p>
<p>“Cuando Cristóbal Colón partió para el “nuevo mundo” lo hizo con unas “cartas patentes” que daban el poder a quien las tuviera a tomar posesión de cualquier tierra que encontraran en el mundo que no estuviera gobernada por príncipes blancos cristianos. Las patentes son una vuelta a la colonización de hace 500 años. Los pueblos del Tercer Mundo han sobrevivido a pesar de haber sido despojados de sus riquezas, por tener biodiversidad. Sus últimos recursos son las semillas, las plantas medicinales, los forrajes, que satisfacen sus necesidades de salud y nutrición. Ahora también se quiere despojar a los pobres, que ya fueron despojados por la colonización, de este último recurso vital a través del uso de patentes”.  (Vandana Shiva)</p>
<p>&nbsp;</p>
<p><strong>Wangari Maathai</strong>, Premio Nobel de la Paz 2004</p>
<div id="su_carousel_69f28eaf48985" class="su-carousel su-carousel-centered su-carousel-pages-no su-carousel-responsive-no" style="width:450px;height:318px" data-autoplay="0" data-speed="1000" data-mousewheel="false" data-items="1" data-scroll="1"><div class="su-carousel-slides"><div class="su-carousel-slide"><a href="https://www.servidasenred.net/net/wp-content/uploads/2014/03/ecofem1.jpg" title="ecofem1"><img decoding="async" src="https://www.servidasenred.net/net/wp-content/uploads/2014/03/ecofem1-432x318.jpg" alt="ecofem1" /></a></div><div class="su-carousel-slide"><a href="https://www.servidasenred.net/net/wp-content/uploads/2014/03/ecofem2.jpg" title="ecofem2"><img decoding="async" src="https://www.servidasenred.net/net/wp-content/uploads/2014/03/ecofem2-432x318.jpg" alt="ecofem2" /></a></div><div class="su-carousel-slide"><a href="https://www.servidasenred.net/net/wp-content/uploads/2014/03/ecofem3.jpg" title="ecofem3"><img decoding="async" src="https://www.servidasenred.net/net/wp-content/uploads/2014/03/ecofem3-432x318.jpg" alt="ecofem3" /></a></div><div class="su-carousel-slide"><a href="https://www.servidasenred.net/net/wp-content/uploads/2014/03/ecofem4.jpg" title="ecofem4"><img decoding="async" src="https://www.servidasenred.net/net/wp-content/uploads/2014/03/ecofem4-432x318.jpg" alt="ecofem4" /></a></div><div class="su-carousel-slide"><a href="https://www.servidasenred.net/net/wp-content/uploads/2014/03/ecofem5.jpg" title="ecofem5"><img decoding="async" src="https://www.servidasenred.net/net/wp-content/uploads/2014/03/ecofem5-432x318.jpg" alt="ecofem5" /></a></div></div><div class="su-carousel-nav"><div class="su-carousel-direction"><span class="su-carousel-prev"></span><span class="su-carousel-next"></span></div><div class="su-carousel-pagination"></div></div></div>
<p>&nbsp;</p>
<p><a href="http://www.servidasenred.net/net/wp-content/uploads/2014/03/ecofeminismo-Alicia-Puleo1.jpg"><img loading="lazy" decoding="async" class=" wp-image-1574 alignright" alt="" src="http://www.servidasenred.net/net/wp-content/uploads/2014/03/ecofeminismo-Alicia-Puleo-portada-289x400.jpg" width="231" height="320" srcset="https://www.servidasenred.net/net/wp-content/uploads/2014/03/ecofeminismo-Alicia-Puleo-portada-289x400.jpg 289w, https://www.servidasenred.net/net/wp-content/uploads/2014/03/ecofeminismo-Alicia-Puleo-portada-741x1024.jpg 741w, https://www.servidasenred.net/net/wp-content/uploads/2014/03/ecofeminismo-Alicia-Puleo-portada.jpg 855w" sizes="(max-width: 231px) 100vw, 231px" /></a><strong>Alicia Puleo</strong></p>
<p>Alicia Puleo (Buenos Aires, 1952), es una filósofa feminista radicada en España que ha dirigido la Cátedra de Estudios de Género de la Universidad de Valladolid durante más de diez años.<br />
Su propuesta de lo que ha denominado un ecofeminismo crítico o ilustrado puede considerarse una nueva forma de ética ambiental en clave de género. No considera que las mujeres se encuentren en una especie de simbiosis con la Naturaleza, sino que parte de la convicción de que vivimos una época de crecimiento insostenible que hace inevitable la vinculación entre feminismo y ecología. Sostiene que el enriquecimiento mutuo de ambas perspectivas permitiría construir una cultura de igualdad y sostenibilidad.</p>
<p>Si quieres conocer más de sus trabajos <a title="Blog de Alicia Puleo" href="http://aliciapuleo.blogspot.com.es/">entra en su blog</a></p>

<p>¿Y qué tienen que ver mis tomates con el feminismo? Leer el artículo de Soledad Trujillo Barbadillo Es fundamental que logremos dar una perspectiva de género a nuestros proyectos. El modelo actual no es sostenible ni cumple con las necesidades&#8230;</p>
